{"id":45,"date":"2021-11-30T16:20:03","date_gmt":"2021-11-30T16:20:03","guid":{"rendered":"https:\/\/happyyogacolombia.com\/breathe\/?page_id=45"},"modified":"2022-02-01T15:29:47","modified_gmt":"2022-02-01T15:29:47","slug":"cursos","status":"publish","type":"page","link":"https:\/\/happyyogacolombia.com\/breathe\/cursos\/","title":{"rendered":"Cursos"},"content":{"rendered":"\n<div class=\"wp-block-group\"><div class=\"wp-block-group__inner-container is-layout-flow wp-block-group-is-layout-flow\">\n<section class=\"wp-block-uagb-section uagb-section__wrap uagb-section__background-undefined uagb-block-011a8901\"><div class=\"uagb-section__overlay\"><\/div><div class=\"uagb-section__inner-wrap\">\n<p class=\"has-text-align-center playfair has-text-color\" style=\"color:#4a4a4a;font-size:40px\"><em>Puede haber muchos viajes&#8230;.<\/em><\/p>\n\n\n\n<p><\/p>\n\n\n\n<p class=\"has-text-align-center\">&#8230;pero hay un solo camino para alcanzar la conciencia superior:<\/p>\n\n\n\n<p class=\"has-text-align-center\">Ese es el camino de la vida recta. No hay otra manera, cualquier otro camino ser\u00e1 enga\u00f1oso.<\/p>\n\n\n\n<p class=\"has-text-align-center\">Sin embargo, en el momento que t\u00fa decides \u00abpase lo que pase, me voy a entregar al camino de rectitud dentro de m\u00ed\u00bb, te sorprender\u00e1s al ver que todo lo dem\u00e1s en este mundo se acomodar\u00e1 para ti<br><em>-YOGI BHAJAN-<\/em><\/p>\n<\/div><\/section>\n<\/div><\/div>\n\n\n\n<p><\/p>\n","protected":false},"excerpt":{"rendered":"","protected":false},"author":1,"featured_media":94,"parent":0,"menu_order":0,"comment_status":"closed","ping_status":"closed","template":"cursos.php","meta":{"_uag_custom_page_level_css":"","pgc_sgb_lightbox_settings":"","footnotes":""},"class_list":["post-45","page","type-page","status-publish","has-post-thumbnail","hentry"],"yoast_head":"<!-- This site is optimized with the Yoast SEO plugin v22.3 - https:\/\/yoast.com\/wordpress\/plugins\/seo\/ -->\n<title>Cursos - HappyYoga Breathe<\/title>\n<meta name=\"robots\" content=\"index, follow, max-snippet:-1, max-image-preview:large, max-video-preview:-1\" \/>\n<link rel=\"canonical\" href=\"https:\/\/happyyogacolombia.com\/breathe\/cursos\/\" \/>\n<meta property=\"og:locale\" content=\"es_ES\" \/>\n<meta property=\"og:type\" content=\"article\" \/>\n<meta property=\"og:title\" content=\"Cursos - HappyYoga Breathe\" \/>\n<meta property=\"og:url\" content=\"https:\/\/happyyogacolombia.com\/breathe\/cursos\/\" \/>\n<meta property=\"og:site_name\" content=\"HappyYoga Breathe\" \/>\n<meta property=\"article:modified_time\" content=\"2022-02-01T15:29:47+00:00\" \/>\n<meta property=\"og:image\" content=\"https:\/\/happyyogacolombia.com\/breathe\/wp-content\/uploads\/sites\/7\/2021\/12\/cursos.jpg\" \/>\n\t<meta property=\"og:image:width\" content=\"1920\" \/>\n\t<meta property=\"og:image:height\" content=\"1080\" \/>\n\t<meta property=\"og:image:type\" content=\"image\/jpeg\" \/>\n<meta name=\"twitter:card\" content=\"summary_large_image\" \/>\n<script type=\"application\/ld+json\" class=\"yoast-schema-graph\">{\"@context\":\"https:\/\/schema.org\",\"@graph\":[{\"@type\":\"WebPage\",\"@id\":\"https:\/\/happyyogacolombia.com\/breathe\/cursos\/\",\"url\":\"https:\/\/happyyogacolombia.com\/breathe\/cursos\/\",\"name\":\"Cursos - HappyYoga Breathe\",\"isPartOf\":{\"@id\":\"https:\/\/happyyogacolombia.com\/breathe\/#website\"},\"primaryImageOfPage\":{\"@id\":\"https:\/\/happyyogacolombia.com\/breathe\/cursos\/#primaryimage\"},\"image\":{\"@id\":\"https:\/\/happyyogacolombia.com\/breathe\/cursos\/#primaryimage\"},\"thumbnailUrl\":\"https:\/\/happyyogacolombia.com\/breathe\/wp-content\/uploads\/sites\/7\/2021\/12\/cursos.jpg\",\"datePublished\":\"2021-11-30T16:20:03+00:00\",\"dateModified\":\"2022-02-01T15:29:47+00:00\",\"breadcrumb\":{\"@id\":\"https:\/\/happyyogacolombia.com\/breathe\/cursos\/#breadcrumb\"},\"inLanguage\":\"es\",\"potentialAction\":[{\"@type\":\"ReadAction\",\"target\":[\"https:\/\/happyyogacolombia.com\/breathe\/cursos\/\"]}]},{\"@type\":\"ImageObject\",\"inLanguage\":\"es\",\"@id\":\"https:\/\/happyyogacolombia.com\/breathe\/cursos\/#primaryimage\",\"url\":\"https:\/\/happyyogacolombia.com\/breathe\/wp-content\/uploads\/sites\/7\/2021\/12\/cursos.jpg\",\"contentUrl\":\"https:\/\/happyyogacolombia.com\/breathe\/wp-content\/uploads\/sites\/7\/2021\/12\/cursos.jpg\",\"width\":1920,\"height\":1080},{\"@type\":\"BreadcrumbList\",\"@id\":\"https:\/\/happyyogacolombia.com\/breathe\/cursos\/#breadcrumb\",\"itemListElement\":[{\"@type\":\"ListItem\",\"position\":1,\"name\":\"Portada\",\"item\":\"https:\/\/happyyogacolombia.com\/breathe\/\"},{\"@type\":\"ListItem\",\"position\":2,\"name\":\"Cursos\"}]},{\"@type\":\"WebSite\",\"@id\":\"https:\/\/happyyogacolombia.com\/breathe\/#website\",\"url\":\"https:\/\/happyyogacolombia.com\/breathe\/\",\"name\":\"HappyYoga Breathe\",\"description\":\"Otro sitio m\u00e1s de Happyyoga sitios\",\"potentialAction\":[{\"@type\":\"SearchAction\",\"target\":{\"@type\":\"EntryPoint\",\"urlTemplate\":\"https:\/\/happyyogacolombia.com\/breathe\/?s={search_term_string}\"},\"query-input\":\"required name=search_term_string\"}],\"inLanguage\":\"es\"}]}<\/script>\n<!-- \/ Yoast SEO plugin. -->","yoast_head_json":{"title":"Cursos - HappyYoga Breathe","robots":{"index":"index","follow":"follow","max-snippet":"max-snippet:-1","max-image-preview":"max-image-preview:large","max-video-preview":"max-video-preview:-1"},"canonical":"https:\/\/happyyogacolombia.com\/breathe\/cursos\/","og_locale":"es_ES","og_type":"article","og_title":"Cursos - HappyYoga Breathe","og_url":"https:\/\/happyyogacolombia.com\/breathe\/cursos\/","og_site_name":"HappyYoga Breathe","article_modified_time":"2022-02-01T15:29:47+00:00","og_image":[{"width":1920,"height":1080,"url":"https:\/\/happyyogacolombia.com\/breathe\/wp-content\/uploads\/sites\/7\/2021\/12\/cursos.jpg","type":"image\/jpeg"}],"twitter_card":"summary_large_image","schema":{"@context":"https:\/\/schema.org","@graph":[{"@type":"WebPage","@id":"https:\/\/happyyogacolombia.com\/breathe\/cursos\/","url":"https:\/\/happyyogacolombia.com\/breathe\/cursos\/","name":"Cursos - HappyYoga Breathe","isPartOf":{"@id":"https:\/\/happyyogacolombia.com\/breathe\/#website"},"primaryImageOfPage":{"@id":"https:\/\/happyyogacolombia.com\/breathe\/cursos\/#primaryimage"},"image":{"@id":"https:\/\/happyyogacolombia.com\/breathe\/cursos\/#primaryimage"},"thumbnailUrl":"https:\/\/happyyogacolombia.com\/breathe\/wp-content\/uploads\/sites\/7\/2021\/12\/cursos.jpg","datePublished":"2021-11-30T16:20:03+00:00","dateModified":"2022-02-01T15:29:47+00:00","breadcrumb":{"@id":"https:\/\/happyyogacolombia.com\/breathe\/cursos\/#breadcrumb"},"inLanguage":"es","potentialAction":[{"@type":"ReadAction","target":["https:\/\/happyyogacolombia.com\/breathe\/cursos\/"]}]},{"@type":"ImageObject","inLanguage":"es","@id":"https:\/\/happyyogacolombia.com\/breathe\/cursos\/#primaryimage","url":"https:\/\/happyyogacolombia.com\/breathe\/wp-content\/uploads\/sites\/7\/2021\/12\/cursos.jpg","contentUrl":"https:\/\/happyyogacolombia.com\/breathe\/wp-content\/uploads\/sites\/7\/2021\/12\/cursos.jpg","width":1920,"height":1080},{"@type":"BreadcrumbList","@id":"https:\/\/happyyogacolombia.com\/breathe\/cursos\/#breadcrumb","itemListElement":[{"@type":"ListItem","position":1,"name":"Portada","item":"https:\/\/happyyogacolombia.com\/breathe\/"},{"@type":"ListItem","position":2,"name":"Cursos"}]},{"@type":"WebSite","@id":"https:\/\/happyyogacolombia.com\/breathe\/#website","url":"https:\/\/happyyogacolombia.com\/breathe\/","name":"HappyYoga Breathe","description":"Otro sitio m\u00e1s de Happyyoga sitios","potentialAction":[{"@type":"SearchAction","target":{"@type":"EntryPoint","urlTemplate":"https:\/\/happyyogacolombia.com\/breathe\/?s={search_term_string}"},"query-input":"required name=search_term_string"}],"inLanguage":"es"}]}},"uagb_featured_image_src":{"full":["https:\/\/happyyogacolombia.com\/breathe\/wp-content\/uploads\/sites\/7\/2021\/12\/cursos.jpg",1920,1080,false],"thumbnail":["https:\/\/happyyogacolombia.com\/breathe\/wp-content\/uploads\/sites\/7\/2021\/12\/cursos-150x150.jpg",150,150,true],"medium":["https:\/\/happyyogacolombia.com\/breathe\/wp-content\/uploads\/sites\/7\/2021\/12\/cursos-300x169.jpg",300,169,true],"medium_large":["https:\/\/happyyogacolombia.com\/breathe\/wp-content\/uploads\/sites\/7\/2021\/12\/cursos-768x432.jpg",768,432,true],"large":["https:\/\/happyyogacolombia.com\/breathe\/wp-content\/uploads\/sites\/7\/2021\/12\/cursos-1024x576.jpg",1024,576,true],"1536x1536":["https:\/\/happyyogacolombia.com\/breathe\/wp-content\/uploads\/sites\/7\/2021\/12\/cursos-1536x864.jpg",1536,864,true],"2048x2048":["https:\/\/happyyogacolombia.com\/breathe\/wp-content\/uploads\/sites\/7\/2021\/12\/cursos.jpg",1920,1080,false],"eventos":["https:\/\/happyyogacolombia.com\/breathe\/wp-content\/uploads\/sites\/7\/2021\/12\/cursos-320x170.jpg",320,170,true],"blog":["https:\/\/happyyogacolombia.com\/breathe\/wp-content\/uploads\/sites\/7\/2021\/12\/cursos-329x185.jpg",329,185,true],"hd":["https:\/\/happyyogacolombia.com\/breathe\/wp-content\/uploads\/sites\/7\/2021\/12\/cursos-1920x1080.jpg",1920,1080,true],"cursos":["https:\/\/happyyogacolombia.com\/breathe\/wp-content\/uploads\/sites\/7\/2021\/12\/cursos-500x281.jpg",500,281,true],"menu-24x24":["https:\/\/happyyogacolombia.com\/breathe\/wp-content\/uploads\/sites\/7\/2021\/12\/cursos-24x14.jpg",24,14,true],"menu-36x36":["https:\/\/happyyogacolombia.com\/breathe\/wp-content\/uploads\/sites\/7\/2021\/12\/cursos-36x20.jpg",36,20,true],"menu-48x48":["https:\/\/happyyogacolombia.com\/breathe\/wp-content\/uploads\/sites\/7\/2021\/12\/cursos-48x27.jpg",48,27,true]},"uagb_author_info":{"display_name":"davidfelipe9","author_link":"https:\/\/happyyogacolombia.com\/breathe\/author\/davidfelipe9\/"},"uagb_comment_info":0,"uagb_excerpt":null,"_links":{"self":[{"href":"https:\/\/happyyogacolombia.com\/breathe\/wp-json\/wp\/v2\/pages\/45","targetHints":{"allow":["GET"]}}],"collection":[{"href":"https:\/\/happyyogacolombia.com\/breathe\/wp-json\/wp\/v2\/pages"}],"about":[{"href":"https:\/\/happyyogacolombia.com\/breathe\/wp-json\/wp\/v2\/types\/page"}],"author":[{"embeddable":true,"href":"https:\/\/happyyogacolombia.com\/breathe\/wp-json\/wp\/v2\/users\/1"}],"replies":[{"embeddable":true,"href":"https:\/\/happyyogacolombia.com\/breathe\/wp-json\/wp\/v2\/comments?post=45"}],"version-history":[{"count":5,"href":"https:\/\/happyyogacolombia.com\/breathe\/wp-json\/wp\/v2\/pages\/45\/revisions"}],"predecessor-version":[{"id":313,"href":"https:\/\/happyyogacolombia.com\/breathe\/wp-json\/wp\/v2\/pages\/45\/revisions\/313"}],"wp:featuredmedia":[{"embeddable":true,"href":"https:\/\/happyyogacolombia.com\/breathe\/wp-json\/wp\/v2\/media\/94"}],"wp:attachment":[{"href":"https:\/\/happyyogacolombia.com\/breathe\/wp-json\/wp\/v2\/media?parent=45"}],"curies":[{"name":"wp","href":"https:\/\/api.w.org\/{rel}","templated":true}]}}